ive of -s**2 + 3*s + 3. What is the remainder when f is divided by a(-2)?
4
Let p(i) = 3*i + 21. Calculate the remainder when 131 is divided by p(4).
32
Suppose 0*s = 3*s - 18. What is the remainder when 1*3*(-1)/(-3) is divided by s/21 + 10/14?
0
Let k = 8 - -22. Suppose -2*u = -7*u + k. What is the remainder when 16 is divided by u?
4
Suppose -4*m - 4*k = -36, 5*m - 2*k = 8*m - 24. What is the remainder when 106 is divided by m?
4
Let i(d) = 5*d - 4. Let j be i(2). Suppose -7*r + j*r + 46 = 0. Calculate the remainder when r is divided by 2/((-1)/8*-1).
14
Suppose -32 = -2*r + 36. Calculate the remainder when r is divided by 19.
15
Suppose 3*k = -k - 80. Let a = k + 36. Suppose 0 = -2*y + 132 - 38. What is the remainder when y is divided by a?
15
Suppose 0 = -5*q - 95 - 375. Let r = -9 - q. What is the remainder when r is divided by 29?
27
Let r(u) = -u. Let s(v) = 4*v + 3. Let a(q) = -6*r(q) - s(q). Let z be a(9). Let k = z - 3. Calculate the remainder when 33 is divided by k.
9
Let w(x) = -x**3 + 10*x**2 - 8*x + 9. Let s be w(8). Let a = 132 - s. Calculate the remainder when a is divided by 15.
14
Calculate the remainder when 35 is divided by (-38)/(-2) - 0/1.
16
Let s = 190 - -175. Suppose 0*m + 5*m - s = 0. What is the remainder when m is divided by 19?
16
Suppose 4*m + 132 = 4*y, 4 = -2*y - 4. Let a = 1 - m. Calculate the remainder when a is divided by 13.
12
Suppose 2*k - 34 = 5*d - 129, d - 7 = -2*k. Calculate the remainder when 82 is divided by d.
14
Calculate the remainder when ((-40)/(-7) + 4)/(4/14) is divided by 21.
13
Let c(z) = -2*z + 5. What is the remainder when c(-8) is divided by ((-18)/15)/(9/(-60))?
5
Let u = 64 - 35. Calculate the remainder when u is divided by 5.
4
Suppose 3*z + 60 = 5*y, y + 5*z = 3*y - 5. Suppose -108 = -4*x + 68. Calculate the remainder when x is divided by y.
14
Calculate the remainder when (2 - 5) + -10*51/(-6) is divided by 21.
19
Let b be (-1*5)/(-2 - -1). Suppose q + b*o = 2*q - 7, -5*q = o - 9. Suppose 100 - 32 = q*x. What is the remainder when x is divided by 12?
10
Suppose 2*o - 7 - 31 = 0. Let j(s) = -s**3 - s**2 + 10. Let l(b) = b. Let q be l(0). Calculate the remainder when o is divided by j(q).
9
What is the remainder when 30 is divided by (66/(-12))/((-1)/2)?
8
Let w(x) = 24*x**2 + 4*x - 2. Calculate the remainder when w(-2) is divided by 23.
17
Let w(f) = -f**3 - 5*f - 8. Calculate the remainder when 65 is divided by w(-3).
31
Let k(v) = v**3 + v**2 - 3*v - 3. Let q be k(-2). What is the remainder when q/(4/(-364)) - -1 is divided by 31?
30
Let z = -16 + 75. Let k(j) = 2*j**2 - 9*j + 2. What is the remainder when z is divided by k(6)?
19
Suppose 0 = -4*c - 2*t + 142, 5*c - 3*t = t + 210. Calculate the remainder when c is divided by 8.
6
Let d be (1/2)/(4/32). Let h(f) = -5*f + 0*f + 7 - d*f - 2*f. Calculate the remainder when h(-6) is divided by 25.
23
Let x be (-17)/(3*(-2)/(-6)). Let u(d) = d**2 - 3*d + 5. What is the remainder when (x/(-1 - -2))/(-1) is divided by u(4)?
8
Suppose 4*z + 24 - 112 = 0. Let f = 53 - z. Calculate the remainder when f is divided by 8.
7
Suppose 0*c - 2 = -c. Suppose 3*t - c*t = 9. What is the remainder when 16 is divided by t?
7
Let g be (-81)/(-2)*2/3. Suppose 0*u = -3*u + g. Let n = -12 - -17. What is the remainder when u is divided by n?
4
Suppose -4 = -4*z - 0. Let m be -6 + 3/3 + z. Calculate the remainder when 7 is divided by 3 + 3 + (m - -2).
3
Let i(o) = o**2 + 4*o - 5. Let a be i(-5). Suppose 0*p - p + 31 = a. Calculate the remainder when p is divided by 8.
7
Calculate the remainder when (-2)/(-8) - 286/(-8) is divided by 12.
0
Suppose 0 = -2*b - 0*b + 4*t + 56, -4*t - 38 = -b. Let j be (-5 - -1)*b/4. Let o = j + 30. Calculate the remainder when 23 is divided by o.
11
Let v be -1 + -1 + -1 + 15. Let l(i) = 4*i**2 - 30*i + 10. Let w be l(7). Let b = v - w. Calculate the remainder when 47 is divided by b.
15
Suppose 0 = -x + h + 80, 2*x + h = x + 82. What is the remainder when x is divided by (-6)/(-10)*140/4?
18
Suppose -3*x + 2 + 37 = 5*h, -2*x = -6. Let f = -25 - -43. Suppose -2*k - 3*b + 42 = k, 3*k - 5*b = f. What is the remainder when k is divided by h?
5
Let n(i) = 11*i**2 + 1. Calculate the remainder when n(2) is divided by 23.
22
Suppose 8*c = 3*c + 105. Calculate the remainder when 61 is divided by c.
19
Let c = 1 - -1. Let w(d) = -2*d**2 + d + 2. Let x be w(c). What is the remainder when 11 is divided by x/(-10) - 18/(-5)?
3
Let q = -17 - -32. What is the remainder when 170/4 + (-9)/(-6) is divided by q?
14
Suppose 15*z - 2*z = 1040. Calculate the remainder when z is divided by 12.
8
Let u(p) = -2*p - 11. Let y be (2/4)/(3/24). Suppose 0 = y*f + 11 - 175. What is the remainder when f is divided by u(-16)?
20
Let v(h) = 17*h**2. Calculate the remainder when 67 is divided by v(-1).
16
Calculate the remainder when 6/9*357/14 is divided by 13.
4
Suppose -5*b = -0*b - 15. What is the remainder when 2 is divided by 8/b + 10/(-15)?
0
Let u(o) = 2*o**2 - 3*o - 14. Let t = -20 + 34. Calculate the remainder when u(6) is divided by t.
12
Let g(j) = -15*j + 1. Let w = -640 - -717. Calculate the remainder when w is divided by g(-1).
13
Let g be ((-8)/((-3)/3))/2. Suppose -5*j + g + 6 = 0. Suppose a - 3 = j. What is the remainder when 18 is divided by a?
3
Let p(l) = l**2 + 7*l + 3. Let t = -5 + 9. Suppose 3*a + 30 = 2*v + 5*a, t*v + 2*a = 52. Calculate the remainder when p(-9) is divided by v.
10
Suppose 5*p + 0*h + 3 = h, 0 = 4*h - 12. Suppose -66 = -2*t + 4*m, p = -6*t + 3*t - 3*m + 81. What is the remainder when t is divided by 15?
14
Suppose -7*l + 63 = -4*l. What is the remainder when l is divided by 4?
1
Let n(v) = -v**3 + 7*v**2 - 5*v - 2. Let d be n(6). Suppose d + 7 = h. Calculate the remainder when 30 is divided by h.
8
Suppose 0 = -j + 3*j - 8. Suppose -2*r - j*g + 8 = 0, 5*r - g - 20 = -0*g. Let t = r - -10. What is the remainder when t is divided by 8?
6
Let t(a) be the first derivative of -a**4/4 - 8*a**3/3 - 4*a**2 - 6*a - 5. Let z = 12 + -19. Calculate the remainder when t(z) is divided by 1.
0
Let z = 51 + -31. Suppose 5*a + 4*l = 50, -7*l = 2*a - 3*l - z. Suppose u - 42 = -3*t + 38, 2*t - 3*u = 57. What is the remainder when t is divided by a?
7
Let h = -12 + 15. Let y(b) = -b**2 + 5*b + 2. What is the remainder when 15 is divided by y(h)?
7
Let h(b) = 2*b**2 + 4*b - 1. Let s = 3 - 6. What is the remainder when 9 is divided by h(s)?
4
Let q(b) = 4*b**2 - 2*b + 2. Suppose -4*l - 16 = 4*k, -5*l + 5*k + 4 - 34 = 0. Let g = 7 + l. Calculate the remainder when 26 is divided by q(g).
12
Let v = 2 + 4. Suppose -j + v = j. Calculate the remainder when 7 is divided by j.
1
Suppose -15 = -3*f - 2*f. Suppose 0*h = f*h - 15. What is the remainder when -5*3*6/(-10) is divided by h?
4
Let t(b) = 69*b**2 - b + 1. What is the remainder when t(1) is divided by 18?
15
Let h = -68 - -105. Let a(x) = x**3 - 5*x**2 + 3*x - 2. Calculate the remainder when h is divided by a(5).
11
Calculate the remainder when 18 is divided by ((-2)/3)/((-30)/315).
4
Let a(i) = -58*i - 1. Let g be a(-1). Suppose -4*z + s = -s - 94, 0 = 3*z + 3*s - g. Calculate the remainder when 63 is divided by z.
19
Let i(x) = 17*x - 4*x + 10*x - 3*x. Let t(q) = q**3 - 3*q**2 + 4*q - 3. Let n be t(2). What is the remainder when 59 is divided by i(n)?
19
Suppose i = -3*i + 12. Suppose -2*f + 5*c = -69, 2*f + 5*c = 4*c + 63. Suppose l + f = i*l. Calculate the remainder when 30 is divided by l.
14
What is the remainder when -1*3/(-2)*18 is divided by 7?
6
Let u = 10 + 0. Calculate the remainder when (-1)/((-15)/9 - -2) - -42 is divided by u.
9
Let t(f) = 7*f**2 + 3*f - 11. Let x(u) = -11*u**2 - 5*u + 16. Let w(s) = -7*t(s) - 5*x(s). Let p = 10 - 8. Calculate the remainder when w(p) is divided by 15.
14
Suppose -29 = -3*z + 4. Calculate the remainder when z is divided by 7.
4
Let d = 12 + -26. Suppose 5*k - 185 - 45 = 0. Calculate the remainder when k is divided by 0 - (d - (1 + 1)).
14
Suppose -q + 5*n = -18, -106 = -2*q - 2*q + 3*n. Let v(z) be the first derivative of 4*z**3/3 - z + 3. Calculate the remainder when q is divided by v(-2).
13
What is the remainder when 73 is divided by (-652)/(-44) - 4/(-66)*3?
13
Let h = 4 - 0. Suppose 0 = -h*c + 2*c + 34. Calculate the remainder when 65 